f 3/(y/b - -1)?
31
Let y = 6 + 1. Let f be 1/(-7) + 869/y. Suppose 5*p + 222 = 4*t, 4*t - f = 2*t - 4*p. What are the prime factors of t?
2, 29
Suppose 0 = -j + 5*g - 194, -4*j - 533 - 148 = -g. Let y = -71 - j. List the prime factors of y.
2, 7
Let w(m) = m**3 - m**2 + 1. Let s be w(2). Suppose -15*i + 160 = -13*i. Suppose -i - 120 = -s*o. What are the prime factors of o?
2, 5
Let w be (36/((-12)/4))/1. What are the prime factors of (-4)/(-6) + (-1096)/w?
2, 23
What are the prime factors of ((6/(-4))/(-1))/((-132)/(-45232))?
2, 257
Let o = -4 - -8. Suppose o*n - 74 = 138. Suppose 2*t + 2*r - 56 = 0, -5*r + 41 + n = 3*t. What are the prime factors of t?
23
Suppose 1271 = -14*s + 3735. What are the prime factors of s?
2, 11
Let n(x) = -x**2 + 15*x - 6. Let h be n(14). Suppose -f + h*f = 210. What are the prime factors of f?
2, 3, 5
Let c(t) = t**2 - 8*t + 3. Let q be c(9). Let b(p) = p**2 + 4*p - 7. Let d be b(-6). Suppose 2*a - q = -k, d*a + 4 = -6. List the prime factors of k.
2
Suppose -5*x + 4*u = -1440, 61 - 76 = -3*u. List the prime factors of x.
2, 73
Suppose -5*z + 18 = 3. Suppose -2*t - 17 = -z*m, -t + 11 = m + 4*m. List the prime factors of m.
3
Suppose 0 = -3*k + 2*r - 4, -16 = -4*k - 2*r + 2. Suppose -434 = -4*i + k*j + 116, -3*i - 2*j = -423. List the prime factors of i.
139
Suppose -y = 3*w - 1, -3*w = -0*y + 2*y + 4. Suppose 7*t + 150 = w*t. Let n = -17 - t. What are the prime factors of n?
13
Let y = 280 + 121. List the prime factors of y.
401
Suppose 0 = 2*k - w - 140, 1 = w - 3. List the prime factors of k.
2, 3
Let l(q) = 53*q + 8. List the prime factors of l(5).
3, 7, 13
Let x = -17556 - -7259. What are the prime factors of x/(-56) - 1*(-1)/8?
2, 23
Suppose 24*m = 21*m + 15. Let n(h) = 6*h**2 - 2*h + 4. Let u(a) = -a**2. Let s(c) = m*u(c) + n(c). List the prime factors of s(3).
7
Let w(c) = 8*c - 22. Let l(m) = -m**3 + m**2 + m - 1. Let g = 5 - 7. Let x be l(g). List the prime factors of w(x).
2, 5
Let l(n) = -23*n + 18. Let c be l(12). Let w = c - -416. What are the prime factors of w?
2, 79
Let h = -14 + 16. Let o(m) = 4*m - 5*m - h*m**2 + 10*m**2 + 0*m. List the prime factors of o(-2).
2, 17
Suppose 0*n - 4*x = -5*n + 15, x + 7 = -2*n. Let a(g) be the second derivative of 37*g**4/12 - g**3/6 - g. List the prime factors of a(n).
2, 19
Suppose 2*n - 36 = -x + 5*n, -x - n + 56 = 0. Let k = -9 + x. Suppose k = -0*s + 3*s. What are the prime factors of s?
2, 7
Let x(w) = 6*w + 336. List the prime factors of x(-16).
2, 3, 5
Suppose -7*j = -4083 - 5017. List the prime factors of j.
2, 5, 13
Suppose -17*r = -41*r + 52440. List the prime factors of r.
5, 19, 23
Let y(f) = 2*f - 65. Let a be y(30). List the prime factors of 140 - (3 + (-7 - a)).
139
Suppose p - 696 = g, g + 0 = -1. List the prime factors of p.
5, 139
Suppose 4*f + 0*f = 16. Suppose h - 29 = -f. Suppose 0*b + 5*b = h. List the prime factors of b.
5
Let p(b) be the first derivative of -18*b**2 - 3 + 6*b**2 + 3*b**2 - 7*b + 8*b**2. What are the prime factors of p(-8)?
3
Let w(s) = 6*s - 24. Let u be w(6). Let j(g) = g**2 - 60. List the prime factors of j(u).
2, 3, 7
Suppose -3 = -0*o - o. What are the prime factors of 3 + 117/o + -2?
2, 5
Let v(z) = 59*z + 75. Let x(f) = -20*f - 25. Let r(a) = 6*v(a) + 17*x(a). List the prime factors of r(13).
3, 23
Let a = 79 + 152. What are the prime factors of a?
3, 7, 11
Let t be 188*1 + (-4)/(-4). Suppose b - 4*b + 74 = u, -3*u + t = -2*b. What are the prime factors of u?
5, 13
Suppose -k - 4*n = -19, 2*k + 6*n - 48 = 3*n. What are the prime factors of k/2*160/24?
2, 3, 5
Let s(z) = z**2 - 4. Suppose -2*o + j = 0, 2*j = o - 3*o - 12. Let u be 8 + o/1 + -2. List the prime factors of s(u).
2, 3
Let n(x) = -4*x - 4. Let w be n(-2). List the prime factors of -82*(15/w + -4)*6.
3, 41
Suppose -5*i = 3*a - 8028, 0 = -0*a + a + 4. List the prime factors of i.
2, 3, 67
Let n(p) = p**3 - 4*p**2 - 4*p - 10. Let t = 25 + -21. Suppose 2*z + 0 - 2 = 0, -t*r + 5*z = -19. List the prime factors of n(r).
2, 19
Let p(q) = q**3 - 3*q**2 - 8*q + 7. Let y(l) = l**3 + 4*l**2 - 3*l - 7. Let a be y(-4). Let o be p(a). List the prime factors of o*(-4)/(12/(-3)).
17
Let m(k) = k**3 - 15*k**2 + 19*k - 17. Let a = 44 + -30. List the prime factors of m(a).
53
Let b(z) be the third derivative of z**6/120 + z**5/6 + 7*z**4/24 - 11*z**3/6 - 6*z**2. Suppose -4*g - 46 + 10 = 0. List the prime factors of b(g).
7
List the prime factors of ((-10)/(-8) - 0)/((-33)/(-74316)).
5, 563
Suppose -5*q - 2*d = -480, 4*q - 3*d - 384 = -4*d. Suppose -10*x = -q - 124. What are the prime factors of x?
2, 11
Let z(r) = -2*r**2 + 70*r + 59. What are the prime factors of z(30)?
359
Suppose -4627 = -5*v + 2*q - 1421, -3*q + 6 = 0. What are the prime factors of v?
2, 3, 107
Suppose 0 = -2*s + 385 + 635. Suppose -4*v = -374 - s. List the prime factors of v.
13, 17
Let l(g) = g**2 + 3*g + 10. Let u be l(9). Let q = 191 - u. List the prime factors of q.
73
Suppose 18*w - 90008 = -3338. What are the prime factors of w?
3, 5, 107
What are the prime factors of (-68 + -1)/(3/(-92)*4)?
23
Let q(z) be the third derivative of z**4/24 + 8*z**3/3 - 6*z**2. Let b be q(-12). Suppose 0 = p + b*p - 110. What are the prime factors of p?
2, 11
Let o = 6 + 1. Let n be 2/o - (-1884)/21. Suppose 0 = 9*t - 14*t + n. List the prime factors of t.
2, 3
Let x be 24/12 + (-9)/(-2)*-2. Let n(l) = -21*l - 58. List the prime factors of n(x).
89
Let m = -521 - -743. Suppose -3*r + 661 = -2*o, -o - m = -r - 0*o. List the prime factors of r.
7, 31
Suppose 2*z = -5*u + 8342, -10*z + 12*z = 5*u - 8358. What are the prime factors of u?
2, 5, 167
Suppose -497*k = -501*k + 3296. List the prime factors of k.
2, 103
Let s = -5 - -14. List the prime factors of 366/s - (-1)/3.
41
Suppose 0 = -4*q + 3*k - 6*k + 231, 4*q + 4*k = 228. List the prime factors of q.
2, 3, 5
List the prime factors of ((-8932)/(-12) - 2)*(-18 - -21).
17, 131
Suppose 5*z = 2*c + 68, 2*z - 2*c - 32 = -0*c. Let p(k) = -k**3 + 13*k**2 - 11*k + 12. What are the prime factors of p(z)?
2, 3
Suppose 0*f = 3*f + 24. Let u(y) = -y**2 - y - 1. Let w(a) = a**3 + 9*a**2 - 10*a - 4. Let z(g) = 2*u(g) + w(g). What are the prime factors of z(f)?
2, 13
Suppose -4*g = g - 290. Let n = 223 + -125. Suppose g = 3*x - n. List the prime factors of x.
2, 13
Let m(l) = -l**3 + 9*l**2 + 12*l - 11. Let t(q) = -6*q - 4. Let v be t(-2). What are the prime factors of m(v)?
149
Let j(r) = -15*r. Let n(a) = a**3 - 6*a**2 - 6*a - 4. Let q be n(7). Suppose -5*l - 13 = 2*o, -q*l - 8 = -2*o + 3. What are the prime factors of j(l)?
3, 5
Let y(q) = -q**3 + 27*q**2 + 8*q + 70. List the prime factors of y(23).
2, 3, 5, 79
Suppose -5511 + 1062 = -3*o. What are the prime factors of o?
1483
Let n = -859 - -1418. What are the prime factors of n/17 - (-12)/102?
3, 11
Let r(h) = -8*h**2 + 4*h + 1. Let s(k) = -k**2 - 1. Let m(c) = r(c) - s(c). Let i be m(-7). What are the prime factors of i/(-15) + 6/15?
5
What are the prime factors of ((-534)/(0 - -2))/(54/(-72))?
2, 89
Suppose -75 = 4*d - 443. List the prime factors of d.
2, 23
Let l(f) = -4*f - 22. Let h be l(-6). Let q(j) = -3*j + 5*j + 8 - 11*j**h + 7 + j**3. List the prime factors of q(11).
37
Suppose -9*k = -6*k - 5748. List the prime factors of k.
2, 479
Suppose -24 = -3*p + 4*q, 2*p - 16 = -0*p - 4*q. Let g be (-34)/p - 2/(-8). List the prime factors of 30/2 + (g - -4).
3, 5
Suppose -871 = -5*b - 111. Suppose 0 = 5*o - 9*o + b. List the prime factors of o.
2, 19
Suppose 14*o = 4*o + 10910. What are the prime factors of o?
1091
Let s(z) be the second derivative of -z**5/20 - 7*z**4/12 - z**3/2 - 15*z**2/2 - 8*z. List the prime factors of s(-7).
2, 3
Let i = 301 - -1865. List the prime factors of i.
2, 3, 19
Suppose -21*u + 58816 = 3943. What are the prime factors of u?
3, 13, 67
Suppose 7*j = 4*p + 3*j - 24, -j + 9 = 4*p. Suppose 608 = 4*a + 4*s, 8*a = p*a + 3*s + 776. List the prime factors of a.
2, 7, 11
Let b = 14 - 11. Let q(y) = 6*y**2 + y**3 - 2 + 6*y - 7 + 0 - 2*y**b. What are the prime factors of q(5)?
2, 23
Suppose -10*w + 13*w - m = 21, w - 7 = -3*m. What are the prime factors of w?
7
Let m be 2/10 - (-11)/(-5). What are the prime factors of 783/(-18)*(0 + 0 + m)?
3, 29
Let c(n) = 16*n**3 - 6*n**2 + 23*n - 4. What are the 